 the value of 5 - 17 - -15 - (9 + 1)?
-7
Evaluate -349 - -359 - (1 + 13).
-4
What is the value of 115 + -122 + (-1 + 0 - -6) + 1?
-1
What is (-3 - -2) + 31 + 102 + -103?
29
Evaluate (1 - 7 - -3) + 5 + 4.
6
-7 + ((8 - (5 + -1)) + 31 - 8)
20
Calculate 55 - 54 - (-4 - 0).
5
Calculate 15 - (19 + -15 + 3).
8
Evaluate 6 + (-10 + -1 + 3 - -6).
4
7 + -4 - -6 - (-3 + 6)
6
What is 4 - 0 - (425 + -428)?
7
8 + -11 - (-6 - 11)
14
-3 + 7 - (15 - 3 - 3)
-5
What is the value of -8 + 11 + -3 + 1 + (13 - -8)?
22
Calculate 19 + -6 + 20 + -15.
18
3 + -8 - (-2 + (-45 - -38))
4
14 + (2 - 15) - (3 - (2 + 2))
2
What is -28 + 39 - (-1 + 5 + 7)?
0
What is 22 + (8 - 25) - -2?
7
What is the value of -6 + -10 + 15 + (-1 - 5)?
-7
What is -10 + (-2 + 9 - 1) - 9?
-13
What is the value of 24 + (0 - (9 + 8))?
7
Evaluate 1 + (-9 - -2) + -1406 + 1413.
1
What is the value of (8 - -2) + -9 - (-3 - 1)?
5
6 - (10 - (30 - 51))
-25
What is the value of -3 - ((-1 - -2) + 9) - -7 - -15?
9
What is the value of -12 + (4 + 1 - 9)?
-16
8 - (5 - -1 - (24 + -13))
13
Calculate -25 - (6 + 0 + (-2 - 2)) - -8.
-19
2 + -22 + 27 + -3 + -3
1
Calculate 32 - (21 + 7 + 0).
4
What is the value of 82 + -89 - (0 + -13) - (-2 - 8)?
16
What is the value of -17 + 37 + -3 + -7?
10
What is the value of (2 - 18) + -4 + 1 + -26 + 33?
-12
-28 - (-33 + -4 + 23)
-14
(-56 - -46) + 15 + 2
7
What is 23 - 6 - (-112 + 113)?
16
Evaluate -45 + 34 + (13 - 18).
-16
Evaluate -1 - 1 - (29 - -11) - (-640 - -635).
-37
What is the value of (8 - -2 - (-61 - -70)) + -2?
-1
Calculate -3 - 27 - (5 + -20) - -6.
-9
What is 17 - (-4 + (-56 - -55 - (-5 - 0)))?
17
-1 - (-20 - -26 - 18)
11
Evaluate -15 - (-7 + (14 - 33)).
11
Calculate -31 + 22 + (22 - 5).
8
-12 + -5 + 11 + (5 - (-5 + 3))
1
Calculate 4 - (-3 + -1) - 4 - (-20 - -16).
8
Evaluate (30 - (6 - -8)) + -11.
5
What is the value of 4 + (6 - (10 + (4 - 10))) - 8?
-2
What is the value of -11 - (10 - 21 - -9)?
-9
What is the value of 5 - (2 - (-26 + (6 - -4)))?
-13
Evaluate 11 + -5 + 11 - 10 - (-2 + -3).
12
What is the value of 6 + 10 + 19 + -24?
11
Evaluate 1 - (-4 - 22) - 14.
13
Evaluate 12 - (-8 - 3 - (-21 + -2)).
0
What is (-40 - -49) + (3 - -1)?
13
What is -8 + -21 + 25 + -11?
-15
1 + (14 - (-16 - -10 - (-5 + 10)))
26
Evaluate (7 - (-9 - -17) - -7 - 17) + 12.
1
Evaluate -6 - (-2 + 1) - (-683 + 673).
5
Evaluate 12 - (-20 + 19 - 18).
31
What is (-2 - 45 - -24) + 18?
-5
Calculate (-7 - -1) + (12 - 6) + (4 - 3).
1
(-62 - -79) + -2 + -32
-17
Calculate -1 + (0 - -2) - (-269 + 287).
-17
Evaluate 35 - (-29 + 34) - 5.
25
What is -1 + -13 + (232 - 217)?
1
8 - (-4 + (-4 - -7) + 7)
2
What is 2 - (-2 - -6) - (6 + -4 + 5)?
-9
Calculate -3 + (-14 - -6) - -26.
15
Evaluate (-268 - -266) + -9 + -2.
-13
Evaluate -22 - (278 - 274 - (-2 + 1 - -2)).
-25
What is the value of (4 - -1) + 12 + -13?
4
Calculate (-4 - -2 - 10) + (-175 - -173).
-14
What is 5 + (20 - 29) + 0 + 2 + 5?
3
(14 + -15 + 8 - 3) + (5 - 0)
9
-9 + (4 - -1) + (-88 - -97)
5
Calculate -5 + -17 - (-25 - -21).
-18
What is the value of -3 + 8 + -11 + (-3 - (4 + -5))?
-8
Calculate (-15 + (-11 - 7) - -15) + 6 + 1.
-11
(11 - (-97 - -159)) + (11 - 1 - -2)
-39
4 - (2 - -3) - (-12 + (-13 - -21))
3
What is -2 + -4 + (-5 - -19) + -8?
0
-26 - -30 - (10 - (2 - 2))
-6
What is the value of (-3 - -3) + 8 + (-65 - -55)?
-2
What is 1 - 1 - (6 - ((4 - -10) + -13))?
-5
-1 + (3 - -2) + -3 - (-118 - -97)
22
(-4 - (2 + 0 - (12 - 2))) + 5
9
-1 + 2 + 0 + -14 + (-139 - -143)
-9
What is the value of (15 - 7) + -9 - 4?
-5
Calculate (-26 + 33 - -4) + -15 + (0 - 3).
-7
What is the value of 99 - 101 - (-21 - (-9 - -2))?
12
Calculate 25 + (-1 - (-1 - 6) - 13).
18
Evaluate (0 - -8) + 137 + -64 + -75.
6
What is -26 - (4 - (23 - -24))?
17
Evaluate 3 + -8 + 12 - 14.
-7
Calculate 6 - (5 + -6 + 2 + -5).
10
Calculate -2 + -1 - (-17 + 10) - (4 + -5).
5
Calculate -17 - (-20 - (-1 + -8)).
-6
30 + -9 - 20 - (7 + 1 - 1)
-6
What is the value of (6 - 2) + -1 + -9 - (45 + -47)?
-4
What is the value of (0 + 10 - 4) + -3?
3
What is -3 - (-5 - (-14 + 16 + 2 + 3))?
9
Evaluate -28 - (-54 + -1 - -5).
22
What is the value of 25 - (31 + 32 + -28)?
-10
What is the value of 20 - (-6 + -9 + 9 - -9)?
17
582 + -561 + (0 - 17)
4
What is -1 + 6 + -9 + (22 - (-6 - -16))?
8
Evaluate -2 + 4 + 23 - (12 + (-11 - 6)).
30
What is the value of -6 + (-1 - 2) - (-18 + -3)?
12
Calculate (13 - 2) + (3 - -2) + -3.
13
Calculate -494 + 540 + (0 - 23).
23
Calculate -10 + (13 - 9) + 28 + 0.
22
Evaluate -2 - -1 - (30 - (53 - 24)).
-2
What is 14 + (-42 - (4 + -4))?
-28
Evaluate (5 - (-2 - (7 + 4 + -27))) + 6.
-3
Calculate -1 - (15 + (-26 - -11)) - (-2 - 1).
2
What is the value of (2 - 12) + (28 - -2) + -19?
1
0 + 7 + (-7 - -32 - -2)
34
10 + -5 + 7 + -1 + 8 + -17
2
1 - 1 - 7 - ((8 - 5) + -12)
2
7 + 0 + -12 - 5
-10
What is the value of -4 - ((21 - 11) + 6 + 3)?
-23
-5 - -23 - (57 + -68)
29
-3 - (-4 + 15 - 19)
5
Calculate -42 - (-6 - (19 + 1)).
-16
-14 - (3 + -48 + 2 + 13)
16
Evaluate -11 - (-5 - (-8 - -4)).
-10
(12 - (0 - -2)) + -4 + 12 + -7
11
What is -30 + 0 - (-1198 + 1199)?
-31
What is the value of (-1 - -6) + 0 + 11?
16
What is (-5 - -3) + -5 - (64 + -88)?
17
What is the value of -3 + (-26 - -4) + 26 + -1 + 1?
1
(-6 - -17 - 10) + 10
11
0 - -4 - ((1 - (3 - -2)) + 2)
6
What is the value of -1 + (-13 - (-11 + -4) - 0)?
1
Evaluate -19 - (-11 + 8 + (6 - 2)).
-20
(-2 + (18 - -4) - 11) + -7
2
What is -1 - (1 - 1) - (-11 - 4 - -20)?
-6
What is the value of (-14 + 8 - -11 - 2) + -5?
-2
Evaluate 0 + -29 + 1613 + -1594.
-10
(-125 - -133) + -2 + -2
4
-11 - (-1 - 5) - ((-8 - -5) + -16)
14
What is the value of (17 - (3 + 8)) + 0?
6
What is (0 - (1 + 7) - -10) + 4 + -21?
-15
What is the value of 7 + 4 + -4 - 26 - -7?
-12
Evaluate (-9 + 10 - 2) + (-7 - -7) + -20.
-21
What is -2 + (2 + -6 + -4 - -19)?
9
What is the value of -7 - -1 - (-75 - -63) - 8?
-2
Calculate 19 + -142 + 131 + 0 + 5.
13
What is 3 - (6 - (-6 - -13))?
4
What is (0 + 0 - -1) + 1 + -12?
-10
-477 - -480 - (0 + 14)
-11
What is the value of -4 + 4 - (-12 - 0 - 2)?
14
Calculate -29 + 22 - 4 - -14.
3
4 - (-6 + 21) - (1 - 0) - -3
-9
Calculate 7 + (-1 + 2 - 19) - 0.
-11
Calculate 0 + -1 - (17 - 23).
5
Evaluate 75 + -30 - (-1 - -26).
20
Calculate (-8 - (-6 - -1) - 4) + 12.
5
What is the value of (-3 - -3) + 4 + (-3 + 3 - -1)?
5
Calculate 0 - (7 + -8) - 12.
-11
What is 11 - (-8 - (8 - (23 + -9)))?
13
(-253 - -248) + (0 - -2 - 5)
-8
Calculate (19 - 25 - -7) + 9.
10
What is the value of 1 - (0 - -3 - (33 + -28) - -7)?
-4
What is the value of 22 - (19 - (-3 - -6))?
6
Evaluate -2 - (2 + (-7 - 7)).
10
Calculate 6 + (-2 - (-2 + 3)) - 11.
-8
What is 22 + -6 - 18 - (-1 - -3)?
-4
Calculate (-7 - 14 - -37) + (-27 - 2).
-13
-4 - (-4 - (3 + -14)) - (8 + -4)
-15
Evaluate 27 + (-20 + 9 - (-8 + 3)).
21
Calculate (21 - (0 - -1)) + -5 + 2 + -4.
13
Calculate 30 - (13 - 27 - -9) - 13.
22
What is the value of -3 - (47 - (24 + 4))?
-22
Calculate -5 - -11 - (2 + 9 + -18).
13
Evaluate -4 + 4 + -7 - (0 - -1).
-8
Calculate 0 + 4 - (7 - -16 - -6).
-25
3 + -1 + -19 + 9
-8
What is the value of 18 + 3 - (8 + -9 + 2)?
20
What is 19 + (-27 - (-16 + 15))?
-7
4 - (14 + 3 + (-8 - 1))
-4
Calculate 4 - ((12 - 10) + 9) - -9.
2
Evaluate -1 + -2 + 4 + 100 + -106.
-5
-4 + 5 + (2 - 1 - 7)
-5
Evaluate (-23 - (-2 + -4)) + -1 + 11.
-7
What is 24 - (13 - (6 + -4))?
13
Calculate (-8 - (5 + -18)) + 9.
14
Calculate (22 - 22) + 2 - (6 - 1).
-3
(23 - 14 - 4) + -4 + 19
20
1 - 4 - (-2 - (18 - 2)) - 5
10
What is the value of -5 + 2 - (33 - 30)?
-6
Calculate -4 + 24 + -3 + (-7 - 4).
6
What is 3 + (-15 - 9) + 14?
-7
What is the value of (-1 - 2 - (22 - 15)) + (1 - 1)?
-10
7 - (21 + -2) - (-18 + 11)
-5
What is 0 - (-11 + 3 + -9 + 3)?
14
What is (-28 + 24 - -34) + -8?
22
Calculate 22 + (-6 - (25 + -18)).
9
-2 + 8 + 6 + 2
14
Calculate 19 + -8 + -25 + (7 - 4).
-11
Calculate -9 - (1 + 13 + (-199 - -187)).
-11
What is the value of 1 - (-9 + 18 + -2 + -4)?
-2
Evaluate -13 + 19 - (6 - (-4 + 2)).
-2
What is the value of 12 + (-17 - -30) + -22?
3
What is the value of (14 - (0 - 2)) + -14 - -36?
38
Evaluate 2 + -7 - (6 - (21 - (10 - 3))).
3
32 - (-21 - -17 - -9)
27
-9 - 1 - (-5 - (-15 + -3 + 4))
-19
What is the value of 10 + (1 - 17) + -12 + 10 + -4?
-12
Calculate -6 + -10 + 6 - -5 - (2 + -28).
21
Evaluate (-4 - -10) + -9 + (-3 - -9) 